Dec 03 17:57:38.107 INFO testing bloom-filter-rs-0.1.0 against master#8940af3cea4a9a9deabcaf843b2f8cad9a83fc61 for beta-1.31-5
Dec 03 17:57:38.107 INFO running `"docker" "create" "-v" "/mnt/big/crater/work/local/target-dirs/beta-1.31-5/worker-1/master#8940af3cea4a9a9deabcaf843b2f8cad9a83fc61:/target:rw,Z" "-v" "/mnt/big/crater/work/local/test-source/worker-1/beta-1.31-5/master#8940af3cea4a9a9deabcaf843b2f8cad9a83fc61:/source:ro,Z" "-v" "/mnt/big/crater/work/local/cargo-home:/cargo-home:ro,Z" "-v" "/mnt/big/crater/work/local/rustup-home:/rustup-home:ro,Z" "-e" "USER_ID=1000" "-e" "SOURCE_DIR=/source" "-e" "USER_ID=1000" "-e" "CMD=cargo +8940af3cea4a9a9deabcaf843b2f8cad9a83fc61-alt build --frozen" "-e" "CARGO_TARGET_DIR=/target" "-e" "CARGO_INCREMENTAL=0" "-e" "RUST_BACKTRACE=full" "-e" "RUSTFLAGS=--cap-lints=warn" "-e" "CARGO_HOME=/cargo-home" "-e" "RUSTUP_HOME=/rustup-home" "-m" "1536M" "--network" "none" "crater"`
Dec 03 17:57:38.384 INFO [stdout] d5eff4e9ca7ab8fb0a81aa3e75635cbead0dbce19c472d2ae2230f14f03436ce
Dec 03 17:57:38.386 INFO running `"docker" "start" "-a" "d5eff4e9ca7ab8fb0a81aa3e75635cbead0dbce19c472d2ae2230f14f03436ce"`
Dec 03 17:57:38.806 INFO [stderr] usermod: no changes
Dec 03 17:57:38.840 INFO [stderr]    Compiling murmur3 v0.4.1
Dec 03 17:57:39.659 INFO [stderr]    Compiling bloom-filter-rs v0.1.0 (/source)
Dec 03 17:57:40.413 INFO [stderr]     Finished dev [unoptimized + debuginfo] target(s) in 1.59s
Dec 03 17:57:40.419 INFO [stderr] su: No module specific data is present
Dec 03 17:57:40.726 INFO running `"docker" "inspect" "d5eff4e9ca7ab8fb0a81aa3e75635cbead0dbce19c472d2ae2230f14f03436ce"`
Dec 03 17:57:40.857 INFO running `"docker" "rm" "-f" "d5eff4e9ca7ab8fb0a81aa3e75635cbead0dbce19c472d2ae2230f14f03436ce"`
Dec 03 17:57:40.960 INFO [stdout] d5eff4e9ca7ab8fb0a81aa3e75635cbead0dbce19c472d2ae2230f14f03436ce
Dec 03 17:57:40.962 INFO running `"docker" "create" "-v" "/mnt/big/crater/work/local/target-dirs/beta-1.31-5/worker-1/master#8940af3cea4a9a9deabcaf843b2f8cad9a83fc61:/target:rw,Z" "-v" "/mnt/big/crater/work/local/test-source/worker-1/beta-1.31-5/master#8940af3cea4a9a9deabcaf843b2f8cad9a83fc61:/source:ro,Z" "-v" "/mnt/big/crater/work/local/cargo-home:/cargo-home:ro,Z" "-v" "/mnt/big/crater/work/local/rustup-home:/rustup-home:ro,Z" "-e" "USER_ID=1000" "-e" "SOURCE_DIR=/source" "-e" "USER_ID=1000" "-e" "CMD=cargo +8940af3cea4a9a9deabcaf843b2f8cad9a83fc61-alt test --frozen --no-run" "-e" "CARGO_TARGET_DIR=/target" "-e" "CARGO_INCREMENTAL=0" "-e" "RUST_BACKTRACE=full" "-e" "RUSTFLAGS=--cap-lints=warn" "-e" "CARGO_HOME=/cargo-home" "-e" "RUSTUP_HOME=/rustup-home" "-m" "1536M" "--network" "none" "crater"`
Dec 03 17:57:41.195 INFO [stdout] ec4414bc7e00f5d76953d41fb5ee76aaac259c62f859cab36325d411638afeff
Dec 03 17:57:41.200 INFO running `"docker" "start" "-a" "ec4414bc7e00f5d76953d41fb5ee76aaac259c62f859cab36325d411638afeff"`
Dec 03 17:57:41.849 INFO [stderr] usermod: no changes
Dec 03 17:57:41.891 INFO [stderr]    Compiling bloom-filter-rs v0.1.0 (/source)
Dec 03 17:57:43.859 INFO [stderr]     Finished dev [unoptimized + debuginfo] target(s) in 1.98s
Dec 03 17:57:43.859 INFO [stderr] su: No module specific data is present
Dec 03 17:57:44.626 INFO running `"docker" "inspect" "ec4414bc7e00f5d76953d41fb5ee76aaac259c62f859cab36325d411638afeff"`
Dec 03 17:57:44.825 INFO running `"docker" "rm" "-f" "ec4414bc7e00f5d76953d41fb5ee76aaac259c62f859cab36325d411638afeff"`
Dec 03 17:57:45.115 INFO [stdout] ec4414bc7e00f5d76953d41fb5ee76aaac259c62f859cab36325d411638afeff
Dec 03 17:57:45.123 INFO running `"docker" "create" "-v" "/mnt/big/crater/work/local/target-dirs/beta-1.31-5/worker-1/master#8940af3cea4a9a9deabcaf843b2f8cad9a83fc61:/target:rw,Z" "-v" "/mnt/big/crater/work/local/test-source/worker-1/beta-1.31-5/master#8940af3cea4a9a9deabcaf843b2f8cad9a83fc61:/source:ro,Z" "-v" "/mnt/big/crater/work/local/cargo-home:/cargo-home:ro,Z" "-v" "/mnt/big/crater/work/local/rustup-home:/rustup-home:ro,Z" "-e" "USER_ID=1000" "-e" "SOURCE_DIR=/source" "-e" "USER_ID=1000" "-e" "CMD=cargo +8940af3cea4a9a9deabcaf843b2f8cad9a83fc61-alt test --frozen" "-e" "CARGO_TARGET_DIR=/target" "-e" "CARGO_INCREMENTAL=0" "-e" "RUST_BACKTRACE=full" "-e" "RUSTFLAGS=--cap-lints=warn" "-e" "CARGO_HOME=/cargo-home" "-e" "RUSTUP_HOME=/rustup-home" "-m" "1536M" "--network" "none" "crater"`
Dec 03 17:57:45.583 INFO [stdout] 12afb61eea3ebb61526aa31c547e65539c0d585c01f9a2ff28513a5dcb04fec4
Dec 03 17:57:45.588 INFO running `"docker" "start" "-a" "12afb61eea3ebb61526aa31c547e65539c0d585c01f9a2ff28513a5dcb04fec4"`
Dec 03 17:57:46.638 INFO [stderr] usermod: no changes
Dec 03 17:57:46.726 INFO [stderr]     Finished dev [unoptimized + debuginfo] target(s) in 0.04s
Dec 03 17:57:46.739 INFO [stderr]      Running /target/debug/deps/bloom_filter_rs-6146a79981ab50bd
Dec 03 17:57:46.745 INFO [stdout] 
Dec 03 17:57:46.745 INFO [stdout] running 5 tests
Dec 03 17:57:46.745 INFO [stdout] test bloom::tests::test_optimal_vec_size ... ok
Dec 03 17:57:46.745 INFO [stdout] test bloom::tests::test_optimal_hash_functions ... ok
Dec 03 17:57:46.757 INFO [stdout] test bloom::tests::test_no_false_negatives ... FAILED
Dec 03 17:57:46.764 INFO [stdout] test bloom::tests::test_error_rate_too_high ... ok
Dec 03 17:57:46.764 INFO [stdout] test bloom::tests::test_error_rate_too_low ... ok
Dec 03 17:57:46.764 INFO [stdout] 
Dec 03 17:57:46.764 INFO [stdout] failures:
Dec 03 17:57:46.764 INFO [stdout] 
Dec 03 17:57:46.764 INFO [stdout] ---- bloom::tests::test_no_false_negatives stdout ----
Dec 03 17:57:46.764 INFO [stdout] thread 'bloom::tests::test_no_false_negatives' panicked at 'called `Result::unwrap()` on an `Err` value: Os { code: 2, kind: NotFound, message: "No such file or directory" }', libcore/result.rs:1009:5
Dec 03 17:57:46.764 INFO [stdout] stack backtrace:
Dec 03 17:57:46.764 INFO [stdout]    0:     0x557ed8d3f9cf - std::sys::unix::backtrace::tracing::imp::unwind_backtrace::h3a8b83e1922cbdde
Dec 03 17:57:46.764 INFO [stdout]                                at libstd/sys/unix/backtrace/tracing/gcc_s.rs:49
Dec 03 17:57:46.764 INFO [stdout]    1:     0x557ed8d48a17 - std::sys_common::backtrace::print::h00d3155a29b4020f
Dec 03 17:57:46.764 INFO [stdout]                                at libstd/sys_common/backtrace.rs:71
Dec 03 17:57:46.764 INFO [stdout]                                at libstd/sys_common/backtrace.rs:59
Dec 03 17:57:46.764 INFO [stdout]    2:     0x557ed8d436ff - std::panicking::default_hook::{{closure}}::hd7465c742e79e1bb
Dec 03 17:57:46.764 INFO [stdout]                                at libstd/panicking.rs:211
Dec 03 17:57:46.764 INFO [stdout]    3:     0x557ed8d433fe - std::panicking::default_hook::h9e3966f2aa2a6e12
Dec 03 17:57:46.764 INFO [stdout]                                at libstd/panicking.rs:221
Dec 03 17:57:46.764 INFO [stdout]    4:     0x557ed8d43dde - std::panicking::rust_panic_with_hook::h587f091ae747d080
Dec 03 17:57:46.764 INFO [stdout]                                at libstd/panicking.rs:476
Dec 03 17:57:46.764 INFO [stdout]    5:     0x557ed8d43981 - std::panicking::continue_panic_fmt::hb3a4fdede87f43a8
Dec 03 17:57:46.764 INFO [stdout]                                at libstd/panicking.rs:390
Dec 03 17:57:46.764 INFO [stdout]    6:     0x557ed8d43865 - rust_begin_unwind
Dec 03 17:57:46.764 INFO [stdout]                                at libstd/panicking.rs:325
Dec 03 17:57:46.764 INFO [stdout]    7:     0x557ed8d839fc - core::panicking::panic_fmt::h6f9cebf5e7474a0b
Dec 03 17:57:46.764 INFO [stdout]                                at libcore/panicking.rs:77
Dec 03 17:57:46.765 INFO [stdout]    8:     0x557ed8ce31ab - core::result::unwrap_failed::h645c0dbab634e512
Dec 03 17:57:46.765 INFO [stdout]                                at libcore/macros.rs:26
Dec 03 17:57:46.765 INFO [stdout]    9:     0x557ed8ce2a7b - <core::result::Result<T, E>>::unwrap::h4553e779cd95d0f1
Dec 03 17:57:46.765 INFO [stdout]                                at libcore/result.rs:808
Dec 03 17:57:46.765 INFO [stdout]   10:     0x557ed8ce7402 - bloom_filter_rs::bloom::tests::test_no_false_negatives::h886b3be836cc278c
Dec 03 17:57:46.765 INFO [stdout]                                at src/bloom.rs:184
Dec 03 17:57:46.765 INFO [stdout]   11:     0x557ed8ce73a9 - bloom_filter_rs::bloom::tests::test_no_false_negatives::{{closure}}::hb20d0735f88aca40
Dec 03 17:57:46.765 INFO [stdout]                                at src/bloom.rs:183
Dec 03 17:57:46.765 INFO [stdout]   12:     0x557ed8ce4ffd - core::ops::function::FnOnce::call_once::ha15f5baeb42cd112
Dec 03 17:57:46.765 INFO [stdout]                                at libcore/ops/function.rs:238
Dec 03 17:57:46.765 INFO [stdout]   13:     0x557ed8cee98e - <F as alloc::boxed::FnBox<A>>::call_box::hac903f91577a156c
Dec 03 17:57:46.765 INFO [stdout]                                at libtest/lib.rs:1468
Dec 03 17:57:46.765 INFO [stdout]                                at libcore/ops/function.rs:238
Dec 03 17:57:46.765 INFO [stdout]                                at liballoc/boxed.rs:672
Dec 03 17:57:46.765 INFO [stdout]   14:     0x557ed8d539c9 - __rust_maybe_catch_panic
Dec 03 17:57:46.765 INFO [stdout]                                at libpanic_unwind/lib.rs:102
Dec 03 17:57:46.765 INFO [stdout]   15:     0x557ed8d105e2 - std::sys_common::backtrace::__rust_begin_short_backtrace::hb8f0d0309526c184
Dec 03 17:57:46.765 INFO [stdout]                                at libstd/panicking.rs:289
Dec 03 17:57:46.765 INFO [stdout]                                at libstd/panic.rs:392
Dec 03 17:57:46.765 INFO [stdout]                                at libtest/lib.rs:1423
Dec 03 17:57:46.765 INFO [stdout]                                at libstd/sys_common/backtrace.rs:136
Dec 03 17:57:46.765 INFO [stdout]   16:     0x557ed8d11094 - std::panicking::try::do_call::hc2f7c8b9a348d8db
Dec 03 17:57:46.765 INFO [stdout]                                at libstd/thread/mod.rs:409
Dec 03 17:57:46.765 INFO [stdout]                                at libstd/panic.rs:313
Dec 03 17:57:46.765 INFO [stdout]                                at libstd/panicking.rs:310
Dec 03 17:57:46.765 INFO [stdout]   17:     0x557ed8d539c9 - __rust_maybe_catch_panic
Dec 03 17:57:46.765 INFO [stdout]                                at libpanic_unwind/lib.rs:102
Dec 03 17:57:46.765 INFO [stdout]   18:     0x557ed8cfe2cc - <F as alloc::boxed::FnBox<A>>::call_box::h6bfded618e480b32
Dec 03 17:57:46.765 INFO [stdout]                                at libstd/panicking.rs:289
Dec 03 17:57:46.765 INFO [stdout]                                at libstd/panic.rs:392
Dec 03 17:57:46.765 INFO [stdout]                                at libstd/thread/mod.rs:408
Dec 03 17:57:46.765 INFO [stdout]                                at liballoc/boxed.rs:672
Dec 03 17:57:46.765 INFO [stdout]   19:     0x557ed8d415ed - std::sys_common::thread::start_thread::h4c28257d67cdf9cb
Dec 03 17:57:46.765 INFO [stdout]                                at liballoc/boxed.rs:682
Dec 03 17:57:46.765 INFO [stdout]                                at libstd/sys_common/thread.rs:24
Dec 03 17:57:46.765 INFO [stdout]   20:     0x557ed8d36b05 - std::sys::unix::thread::Thread::new::thread_start::hfecb2e7eff8fd34f
Dec 03 17:57:46.765 INFO [stdout]                                at libstd/sys/unix/thread.rs:90
Dec 03 17:57:46.765 INFO [stdout]   21:     0x7fad6c6ed6b9 - start_thread
Dec 03 17:57:46.765 INFO [stdout]   22:     0x7fad6c20d41c - clone
Dec 03 17:57:46.765 INFO [stdout]   23:                0x0 - <unknown>
Dec 03 17:57:46.765 INFO [stdout] 
Dec 03 17:57:46.765 INFO [stdout] 
Dec 03 17:57:46.765 INFO [stdout] failures:
Dec 03 17:57:46.765 INFO [stdout]     bloom::tests::test_no_false_negatives
Dec 03 17:57:46.765 INFO [stdout] 
Dec 03 17:57:46.765 INFO [stdout] test result: FAILED. 4 passed; 1 failed; 0 ignored; 0 measured; 0 filtered out
Dec 03 17:57:46.765 INFO [stdout] 
Dec 03 17:57:46.765 INFO [stderr] error: test failed, to rerun pass '--lib'
Dec 03 17:57:46.767 INFO [stderr] su: No module specific data is present
Dec 03 17:57:47.167 INFO running `"docker" "inspect" "12afb61eea3ebb61526aa31c547e65539c0d585c01f9a2ff28513a5dcb04fec4"`
Dec 03 17:57:47.298 INFO running `"docker" "rm" "-f" "12afb61eea3ebb61526aa31c547e65539c0d585c01f9a2ff28513a5dcb04fec4"`
Dec 03 17:57:47.475 INFO [stdout] 12afb61eea3ebb61526aa31c547e65539c0d585c01f9a2ff28513a5dcb04fec4
